p(18).
-300
Let k(o) = 2*o**2 - 25769*o + 128806. Calculate k(5).
11
Let a(j) = 1999*j - 68126. Calculate a(38).
7836
Let g(a) = 898*a + 4507. What is g(-6)?
-881
Let q(w) = -2*w**3 + 44*w**2 - 127*w + 1802. Calculate q(21).
17
Let l(n) = 2*n**2 + 7405*n - 216498. Calculate l(29).
-71
Let s(f) = -f**3 - 170*f**2 - 490*f + 894. Give s(-167).
-943
Let o(h) = -260234*h + 9108188. What is o(35)?
-2
Let h(g) = -g**2 - 945*g - 8582. Calculate h(-9).
-158
Let v(o) = -153*o - 4782. Give v(-34).
420
Let m(a) = 33*a**3 - 70*a**2 - 21*a + 43. Calculate m(1).
-15
Let c(y) = 139*y + 2307. Determine c(-8).
1195
Let g(s) = -1041*s + 541319. Calculate g(520).
-1
Let p(c) = 3864*c - 89055. Calculate p(23).
-183
Let s(c) = 2*c**3 + 792*c**2 + 8466*c - 44. Give s(-11).
0
Let n(r) = -4*r**3 + 1262*r**2 - 6815*r - 1449. Give n(310).
101
Let i(x) = x**3 + 22*x**2 - 217*x + 114. Determine i(-30).
-576
Let n(u) = 11*u**2 + 8161*u + 1141452. Determine n(-187).
4
Let l(o) = 17*o**2 - 16*o + 20. What is l(7)?
741
Let z(d) = d**2 - 242*d + 13797. Calculate z(92).
-3
Let u(x) = -x**3 - 27*x**2 + 71*x + 1015. Give u(-6).
-167
Let q(i) = -i**3 + 6*i**2 - 5*i + 428. Calculate q(10).
-22
Let x(o) = 2305*o + 18393. What is x(-8)?
-47
Let d(s) = -2*s**2 - 97*s + 10621. What is d(55)?
-764
Let k(n) = -210*n - 48451. Determine k(-221).
-2041
Let s(g) = -10499*g + 209994. Give s(20).
14
Let k(s) = s**3 - 47*s**2 + 377*s + 110. Determine k(35).
-1395
Let n(v) = -v**3 + 198*v**2 - 1252*v - 150537. Give n(187).
-2
Let v(y) = 38*y**2 + 917*y + 2507. What is v(-21)?
8
Let z(d) = 954*d + 1590. Calculate z(-1).
636
Let w(t) = 3*t**2 + 46*t - 698. Determine w(-25).
27
Let u(i) = -19*i**3 + 1013*i**2 + 681*i + 1070. Calculate u(54).
-64
Let c(q) = -125*q**2 + 4252*q - 59. What is c(34)?
9
Let s(q) = -2*q**2 - 80*q - 439. Give s(-32).
73
Let m(t) = -1775*t**2 - 44498*t - 3075. Give m(-25).
0
Let i(v) = 244*v + 6577. Determine i(-21).
1453
Let j(x) = -102*x**2 - 316*x + 7. Determine j(2).
-1033
Let p(m) = m**3 - 10*m**2 - 8492*m + 142351. Calculate p(17).
10
Let i(s) = 315*s**3 + 5985*s**2 - 16*s - 91. Determine i(-19).
213
Let x(m) = 8574*m - 214310. Determine x(25).
40
Let v(a) = a**3 + 131*a**2 + 110*a - 2186. What is v(-130)?
414
Let t(p) = -9*p**2 + 156*p + 165. Give t(18).
57
Let j(u) = -12*u**2 - 429*u + 53541. What is j(-87)?
36
Let z(q) = -102*q**3 + 9792*q**2 + 160*q - 15379. Calculate z(96).
-19
Let y(b) = b**3 + 41*b**2 + 189*b + 84. Calculate y(-5).
39
Let q(y) = -y**3 + 134*y**2 - 202*y - 24571. Determine q(131).
450
Let v(m) = -986*m + 73926. Give v(75).
-24
Let q(l) = -32032*l + 448539. Give q(14).
91
Let y(v) = v**2 + 246*v - 66074. Give y(162).
22
Let p(n) = -2*n**3 - 177*n**2 + 668*n + 1. What is p(4)?
-287
Let l(b) = -b**2 + 223*b - 12421. Give l(111).
11
Let g(o) = 45*o**3 + 53*o**2 - 9*o - 5. Calculate g(-1).
12
Let j(b) = 4448*b - 28. Determine j(0).
-28
Let i(f) = 4555*f + 177646. Give i(-39).
1
Let s(r) = -2*r**3 - 157*r**2 + 4579*r - 3463. Calculate s(22).
-9
Let h(x) = 5*x**3 + 2802*x**2 + 3901*x - 6692. Calculate h(-559).
16
Let b(g) = g**3 - 37*g**2 - 822*g + 30419. Give b(37).
5
Let f(s) = 131314*s + 656616. Determine f(-5).
46
Let a(r) = 6346*r + 228463. Determine a(-36).
7
Let t(u) = u**2 - 2*u - 1719. Calculate t(-41).
44
Let g(m) = -7*m**2 + 65881*m + 131768. What is g(-2)?
-22
Let n(h) = -2*h**3 + 54*h**2 - 28*h - 486. Give n(27).
-1242
Let y(n) = 895*n**2 + 47*n - 1. Calculate y(0).
-1
Let g(j) = j**3 + 16*j**2 - 2867*j + 730. Give g(46).
40
Let q(r) = r**3 - 57*r**2 + 322*r - 5821. What is q(53)?
9
Let v(u) = -507086*u + 1521351. Determine v(3).
93
Let f(y) = y**2 - 1538*y + 16531. Calculate f(11).
-266
Let f(h) = -3*h**3 - 376*h**2 + 2341*h + 123. What is f(6)?
-15
Let r(p) = -14*p**3 - 83*p**2 + 7*p - 28. Determine r(-6).
-34
Let g(d) = d**3 - 4*d**2 + 39*d - 897. What is g(13)?
1131
Let n(p) = -p**2 - 5736*p - 480333. Calculate n(-85).
2
Let b(w) = -71*w**2 - 464*w + 817. Calculate b(-9).
-758
Let b(m) = 96*m**2 + 30613*m - 3573. Calculate b(-319).
-64
Let p(h) = -3*h**3 - 15*h**2 - 1226*h - 7402. Give p(-6).
62
Let a(f) = -6680*f - 33277. Calculate a(-5).
123
Let f(u) = 7*u**3 - 1107*u**2 + 149*u + 1400. What is f(158)?
-22
Let k(l) = -9*l**2 + 5475*l + 3659. Give k(609).
5
Let d(y) = 2*y**2 - 214*y + 1226. What is d(6)?
14
Let m(t) = -t**3 - 51*t**2 - 767*t - 2829. Give m(-22).
9
Let b(p) = 20009*p - 420181. Give b(21).
8
Let h(v) = -2*v**2 - 657*v + 101844. Give h(115).
-161
Let y(r) = -30*r**2 - 34824*r + 7002. Give y(-1161).
36
Let h(x) = x**3 - 187*x**2 + 2577*x - 153. Calculate h(172).
-669
Let p(q) = -q**3 - 161*q**2 + 1526*q - 139. Give p(-170).
541
Let l(y) = 27*y**3 - 2*y**2 + 668*y + 1345. Calculate l(-2).
-215
Let z(k) = -2447*k + 384183. What is z(157)?
4
Let h(y) = -75*y + 114. Determine h(-2).
264
Let f(v) = -2414*v + 36056. Give f(15).
-154
Let h(a) = -190412*a + 10663059. What is h(56)?
-13
Let o(h) = 1516*h - 43959. Give o(29).
5
Let t(d) = 67802*d + 203439. Determine t(-3).
33
Let x(l) = -206*l**3 - 2923*l**2 - 2914*l + 8. Determine x(-1).
205
Let h(r) = 4*r**3 + 776*r**2 - 2*r - 418. Give h(-194).
-30
Let n(c) = 1087*c + 640. What is n(-1)?
-447
Let m(l) = l**3 - 22*l**2 + 92*l - 1034. What is m(20)?
6
Let c(m) = 132*m + 8607. What is c(-54)?
1479
Let f(q) = -7061*q - 48884. Determine f(-7).
543
Let f(l) = -126*l - 1939. Give f(-14).
-175
Let h(k) = -451*k**2 - 1420647*k + 9441. Give h(-3150).
-9
Let m(j) = -20*j**2 - 823*j + 4461. Determine m(-46).
-1
Let c(r) = 17*r**2 - 1183*r - 606. Calculate c(70).
-116
Let m(i) = -i**3 - 2*i**2 + 139*i + 17. Give m(0).
17
Let w(f) = -7*f**2 - 2046*f + 14365. Calculate w(7).
-300
Let s(p) = 7191*p**2 + 194161*p + 37. Calculate s(-27).
-71
Let q(k) = 17*k**2 + 64*k - 8747. Give q(-24).
-491
Let i(x) = -x**3 - 161*x**2 + 4880*x - 474. What is i(26)?
-6
Let x(m) = 25728*m + 540272. Calculate x(-21).
-16
Let a(j) = -3138*j + 3185059. Calculate a(1015).
-11
Let n(t) = -t**3 + 31*t**2 + 162*t - 80. What is n(-5)?
10
Let d(i) = -205*i**2 + 25950*i + 103820. Determine d(-4).
-3260
Let s(u) = -2*u**3 - 324*u**2 - 952*u + 267. Determine s(-159).
-51
Let y(m) = 3*m**3 - 2*m**2 + 23*m - 12. Determine y(0).
-12
Let p(a) = -412*a - 6167. What is p(-14)?
-399
Let r(m) = 8*m**3 - 503*m**2 - 159*m + 5844. Give r(63).
-204
Let n(h) = 23092*h + 300207. Calculate n(-13).
11
Let x(s) = s**3 - 93*s**2 + 1138*s - 3748. Determine x(7).
4
Let y(t) = t**3 - 23*t**2 - 13*t + 29. Calculate y(23).
-270
Let i(o) = 2*o**2 - 47*o + 488. Determine i(20).
348
Let c(n) = -n**3 + 813*n**2 + 52379*n - 63. Give c(-60).
-3
Let w(x) = -2*x**3 + 424*x**2 - 416*x + 89. Determine w(211).
1355
Let o(l) = -266*l + 283. What is o(1)?
17
Let c(h) = h**3 - 800*h**2 - 39829*h + 16969. What is c(847)?
29
Let i(n) = -333*n**2 - 28*n + 34. What is i(1)?
-327
Let h(j) = j**3 - 31*j**2 - 44*j + 16. What is h(0)?
16
Let g(x) = -405*x + 88. Determine g(4).
-1532
Let i(y) = -409*y**2 + 5*y - 3. Determine i(-2).
-1649
Let w(f) = 1953*f**2 - 33187*f - 41. Give w(17).
197
Let k(v) = v**2 - 282*v - 6093. What is k(-20)?
-53
Let x(k) = k**3 + 66*k**2 - 7*k - 4675. Calculate x(-65).
5
Let s(n) = 111609*n - 1004477. Determine s(9).
4
Let n(d) = 2*d**3 + 69*d**2 + 18*d + 146. What is n(-34)?
690
Let h(w) = 5*w**2 + 1120*w - 10480. Calculate h(-233).
5
Let z(q) = -53*q - 5935. Calculate z(-98).
-741
Let h(i) = -2*i**3 + 80*i**2 + 362*i + 212. Give h(44).
652
Let m(z) = -7*z**3 + 7*z**2 + 10*z + 31. What is m(-4)?
551
Let o(d) = -2312*d + 365989. What is o(158)?
693
Let a(s) = -313*s**2 + 1264*s - 58. Give a(4).
-10
Let f(v) = 327*v - 88289. What is f(270)?
1
Let w(g) = 20*g**3 + 710*g**2 + 349*g - 43. Calculate w(-35).
-8
Let o(h) = 2*h**3 - 35*h**2 - 507*h + 3319. Determine o(25).
19
Let o(u) = -338*u + 36873. Determine o(109).
31
Let q(s) = 17*s**2 + 11340*s - 45356. Calculate q(4).
276
Let k(x) = -877*x + 336418. What is k(383)?
527
Let i(t) = t**3 + 166*t**2 + 65*t + 11140. Give i(-166).
350
Let r(p) = p**2 + 910*p - 17642. What is r(19)?
9
Let z(r) = -4*r + 1865. What is z(-71)?
2149
Let b(y) = y**2 - 213*y - 188906. Calculate b(-341).
8
Let r(t) = 15250*t + 5749231. Calculate r(-377).
-19
Let s(r) = -r**2 - 58*r - 663. Calculate s(-25).
162
Let x(